 - 13. What is the tens digit of t(o)?
1
Let z(b) = b**3 - 4*b**2 + 4*b - 4. Let g be z(5). Suppose 39 + g = 4*s. What is the units digit of s?
0
Let c be 2/(-8) - (-85)/(-8)*14. Let d = 210 + c. What is the units digit of d?
1
Let i be ((1 - -2) + -2)*3. Suppose -s + i*s = -10. Let y(c) = -4*c - 1. What is the tens digit of y(s)?
1
What is the tens digit of (0 - -2)/(-4)*-606 + -2?
0
Let y(i) = -3*i - 15. Let w be y(-13). Suppose -h + w = h. What is the units digit of 942/24 + (-3)/h?
9
Let p(d) = -d**3 + 10*d**2 + 2*d - 20. Suppose 0 = 2*s - 3*b - 30, s + b + 0*b = 5. What is the tens digit of p(s)?
7
Let c be ((-4)/5)/((-5)/125). Let f be (-50)/c*(-4)/2. Suppose 5*h - f*w = 20, -3*h + 6 = 5*w - 2*w. What is the units digit of h?
3
Let r(b) = -b**2 + 7*b + 3. Let h be r(9). Let a be h/6*(4 - 6). Suppose 42 = a*j - 128. What is the units digit of j?
4
Suppose 5043 = -3*a + 9627. What is the units digit of a?
8
Suppose -28 = -2*w - 4*b, 4*w = -0*w - 3*b + 36. Let c be (-99)/w*4/(-6). What is the tens digit of (14/(-3))/(c/(-33))?
1
Let o(a) = -a - 2. Let g be o(8). Let v be (-16)/g*(-45)/(-18). Suppose v*q - 6*p = -p + 114, p - 24 = -q. What is the units digit of q?
6
Let f(n) = n**3 + 17*n**2 - 12*n - 24. Let l be f(-17). Suppose l = 3*g + g. What is the tens digit of g?
4
What is the hundreds digit of (3 - (-4 + -220)) + 1?
2
Let h(j) = -47*j**3 - j**2 + 3*j + 3. Let t(i) = -47*i**3 - i**2 + 2*i + 2. Let x(v) = 2*h(v) - 3*t(v). What is the units digit of x(1)?
8
Let g(y) be the third derivative of -y**6/120 - y**5/5 - 5*y**4/8 + 13*y**3/6 + 2*y**2 - 53. Suppose w = 2 - 13. What is the tens digit of g(w)?
5
Let t(f) = f**2 - 26*f - 32. What is the hundreds digit of t(-17)?
6
Let u = -170 + 515. What is the tens digit of u?
4
Let u be 2/8 + 135/36. Let c be (-421)/2 - (-6)/u. What is the tens digit of (-1)/(-5) + c/(-5)?
4
Suppose 670 = 7*m - 674. What is the hundreds digit of m?
1
Let m be (-3)/(3 - 138/45). Suppose -m = -2*z + 65. What is the tens digit of z?
5
Suppose 2*f + 3*q + q + 12 = 0, -2*f = 3*q + 15. What is the tens digit of ((3488/f)/(-8))/((-2)/(-6))?
0
Let c(v) = -5 - 4*v + 0 + 3*v. Let i be c(-7). Suppose 0 = b + 2*l - 63, -i*b + 303 = 3*b - 2*l. What is the units digit of b?
1
Let k(r) be the first derivative of r**2/2 + 9*r - 3. Let a be k(-9). Suppose 4*m + 0*m - 84 = a. What is the tens digit of m?
2
Suppose 5*y - 120 = 20*y. What is the tens digit of ((-12)/y)/((27/(-588))/(-3))?
9
Let j be -1491 + (4/6 - 4/(-12)). What is the hundreds digit of j/15*-3 - (1 - 2)?
2
Suppose 3 = -2*t + t, k - 2*t = 2917. What is the thousands digit of k?
2
Let n = 2 + -16. What is the hundreds digit of n/(-91) - 7/((-182)/5300)?
2
Let s = -3 + 7. Let l = s + 13. What is the tens digit of l?
1
Suppose 0 = 2*x - 7 + 3. Suppose 3*v + 28 = f, -4*v - 38 = -x*f - 2. What is the units digit of (-66)/v + (-24)/(-60)?
7
Suppose 15*q - 5720 + 1175 = 0. What is the tens digit of q?
0
Let i = 14 + -9. Let f be ((-104)/(-10))/((-8)/(-40)). Suppose -183 - f = -i*q. What is the units digit of q?
7
Suppose -24*d = 16*d - 47720. What is the tens digit of d?
9
Suppose -r - 4*r + 5 = 0. Let p = r + -3. Let t = 11 - p. What is the units digit of t?
3
Let j(w) = 31*w - 8. Suppose -3*c = -5*a - 1, 5*c - 2 = 4*a + 3*c. Let f(t) = -10*t + 3. Let d(v) = a*j(v) - 7*f(v). What is the units digit of d(5)?
5
Let i = -141 + 362. What is the units digit of i?
1
Let f(h) = h**3 - 5*h**2 - 11*h. Let j be f(7). Let z(y) = -2*y + 4*y - 5 + j - y. What is the units digit of z(-10)?
6
Let r(k) = -8*k**3 - 2*k + 2. Let f be r(1). Let d be ((-6)/(-8))/((-1)/f). Suppose 0 = -d*p + 8*p - 50. What is the units digit of p?
5
Suppose 132*r = 140*r - 9768. What is the hundreds digit of r?
2
Suppose 12 = -2*g + 5*g. Suppose 0 = -g*p + 87 - 331. Let x = p + 111. What is the units digit of x?
0
What is the tens digit of (3/6)/((-1)/2) + 572?
7
Let g(h) = 5*h**3 - 6*h**2 + 9*h + 11. Let l(f) = -14*f**3 + 17*f**2 - 27*f - 33. Let z(k) = -17*g(k) - 6*l(k). What is the tens digit of z(-5)?
9
Let y be (-10)/(-20)*298/(-1). Let r = -47 - y. What is the hundreds digit of r?
1
Let d(v) be the second derivative of v**5/20 - 19*v**4/12 + 11*v**3/3 - 2*v**2 - 2*v. Let y be (14/(-21)*-27)/(1 + 0). What is the units digit of d(y)?
8
Let p be (5 - 20)*((-2)/(-3) + -1). Suppose 3*g = -3*h + 708, -492 = -2*h - g + 4*g. What is the units digit of h/25 - 3/p?
9
Let q(t) = 4*t + 3. Let g(j) = -3*j - 2. Let u(l) = 7*g(l) + 5*q(l). Let z be u(-2). Suppose 0 = z*a - 4*a + 28. What is the tens digit of a?
2
Suppose -1459 = -2*g + 37. Let o be g/(-28) - (-4)/(-14). Let u = -17 - o. What is the units digit of u?
0
Let r(t) = -7*t - 20. Let s be -6 - ((-2)/7 + 18/14). What is the units digit of r(s)?
9
Suppose 5*g = 15 + 35. What is the units digit of (g/(-10))/(-1 - (-26)/27)?
7
Suppose 728 = 4*s + 5*f - 317, 2*s - 525 = -5*f. Suppose -s = -5*v - 95. What is the units digit of v?
3
Let l(t) = t**3 + 9*t**2 - 2*t - 17. Let w be l(-10). Let i = 210 + w. What is the units digit of i?
3
Let j(i) = -i + 7. Let g be j(8). Let w = 1 - g. Suppose -48 = -w*y - 2*v, y - 35 = 5*v + 1. What is the units digit of y?
6
Suppose 4*g + 5410 = 13138. What is the hundreds digit of g?
9
Let h be 24/(-28)*(9 - 2). Let r(l) = -20*l - 12. Let p be r(h). Suppose -2*d - 2*d = -p. What is the tens digit of d?
2
What is the units digit of 5090 + -3*56/(-48)*-2?
3
Suppose 5*z - 2*z = 0. Suppose -132 = -3*o - z*o. What is the tens digit of o?
4
Let r(k) = 90*k**3 - 2*k**2 + 2. Let h = -32 - -33. What is the tens digit of r(h)?
9
Suppose -3*f - h + 4672 = 0, -f + 16*h + 1579 = 12*h. What is the thousands digit of f?
1
Let w be ((-2)/4)/((-1)/(-142)). Let d be 6/(-14) - (9 + (-6632)/56). Let a = d + w. What is the tens digit of a?
3
Suppose 5*m - 2*m = -4*x + 203, 0 = -5*m - 4*x + 341. Suppose 27*n = 26*n + m. What is the tens digit of n?
6
Let s(g) = -g**3. Let l be s(0). Suppose -3*j - 196 = -f - 5*j, -4*f + j + 802 = l. What is the tens digit of f?
0
Suppose -c = -3*l - 2148, 17*l - 13*l - 6483 = -3*c. What is the units digit of c?
7
Let o(p) = -13*p - 1. Let t be o(-1). Suppose r + 2 - 22 = 0. Let n = r - t. What is the units digit of n?
8
Suppose 66*j - 47*j = 1805. What is the units digit of j?
5
Let z(b) = -4*b**3 - 4*b - 10. What is the tens digit of z(-5)?
1
Let f be (117/2)/((-9)/24 + 0). Let n = -44 - f. What is the units digit of n?
2
Let n(v) = 303*v + 255. What is the thousands digit of n(8)?
2
Suppose 4*u + 6*b - 4346 = 7*b, 2176 = 2*u - 2*b. What is the tens digit of u?
8
Let z = 180 + -128. What is the tens digit of z?
5
Suppose 432 = 3*q - 2*b, 2*q + 2*b - 255 = 33. Suppose 0 = -63*v + 65*v - q. What is the tens digit of v?
7
Suppose 2250 = 22*a - 19*a. Suppose -4*x + a = x. Let b = x + -106. What is the units digit of b?
4
Suppose 5*c - 90 = 3*c. Suppose l - 6*l = 4*q - c, -q - 9 = -l. What is the units digit of l?
9
Let d(z) be the first derivative of 7/3*z**3 + 1/4*z**4 + 5/2*z**2 + 0*z + 6. What is the units digit of d(-4)?
8
Let s(a) = 9*a**2 - 1. Let i be s(1). Suppose i*x = -0*x + 2080. What is the units digit of x?
0
Let p(r) = 2*r**2 - 3*r - 1. Let f be p(-1). Suppose w = -2*n + 48 - f, -66 = -3*n + 5*w. What is the tens digit of n?
2
Let s(b) = -504*b + 20. What is the hundreds digit of s(-2)?
0
Suppose 0 = -3*r + 446 + 151. What is the units digit of r?
9
Suppose 401 - 1556 = -5*m. Let t = 328 - m. What is the units digit of t?
7
What is the hundreds digit of 189279/153 - (-14)/(-119)?
2
Suppose -3*h + 29*y = 24*y - 8073, -2691 = -h + 5*y. What is the hundreds digit of h?
6
Let m be (-78)/4*8/(-3). Let p = -33 + m. Let r = p + 0. What is the units digit of r?
9
Suppose 0 = -4*q - 3*k + 529, -3*q + 429 = k + 26. Suppose -3*j + 86 = v, -3*v - q = -5*v + 3*j. What is the units digit of v?
4
Suppose 6*y = 3099 + 1281. What is the units digit of y?
0
Let q(c) = 4*c**2 - 21*c + 12. What is the thousands digit of q(19)?
1
Let o(q) = q**3 + 2*q**2 - 14*q - 4. Let d be -6*(-2 - (-4 + 3)). What is the tens digit of o(d)?
0
Let c(d) = 8*d + 65. Let y be c(-9). What is the tens digit of (-306)/y + 30/105?
4
Let u = 2271 - 1897. What is the units digit of u?
4
What is the hundreds digit of -9 + 4*(-13293)/(-28)?
8
Let d(u)